
54
Let p(v) = 3*v - 1. Let r(c) = c**2 - 7*c + 1. Let g be r(7). Let m be p(g). Let q(t) = -t + 3. Let n be q(m). Calculate the highest common factor of n and 5.
1
Let l be 52/8 - 3/6. Calculate the greatest common divisor of l and 4.
2
Let w(i) = -7*i**3 - 4*i**2 + 4*i + 9. Let f(x) = x**3 + x**2 - 1. Let s(k) = -6*f(k) - w(k). Let t be s(4). What is the highest common divisor of 104 and t?
13
Let r(v) be the second derivative of v**4/4 - 3*v**2/2 + 3*v. Let z be r(-3). Calculate the highest common factor of 168 and z.
24
Let z = -36 + 22. Let q be (-130)/z + 2/(-7). What is the highest common divisor of q and 36?
9
Let r = 4 + 0. Suppose x - 15 = r*d - 90, -2*d + 2*x + 30 = 0. Calculate the greatest common factor of d and 4.
4
Suppose 5*a = 289 - 79. What is the greatest common divisor of a and 12?
6
Let i be (-150)/((-20)/4)*1. Calculate the greatest common divisor of i and 240.
30
Suppose 2*q + 28 = 5*u - q, -5*q = 5*u - 20. Suppose 3*p = -5*a + 58, u*a + 5*p - 3*p - 57 = 0. What is the highest common factor of a and 110?
11
Suppose 3*a + 2*a = 0. Suppose a = 4*w - 40. Let d(l) = -l**3 + 6*l**2 - 4*l - 3. Let n be d(5). What is the highest common divisor of n and w?
2
Let k(q) = -q - 8. Let b be k(-4). Let m = b + 33. Suppose -7 = -g + m. Calculate the greatest common factor of g and 18.
18
Suppose 0 = 2*n - 63 - 81. Let y be 412/10 - 2/10. Let g = y + -29. What is the greatest common factor of g and n?
12
Let z(r) = 2*r + 53. Let p be z(-9). What is the greatest common factor of 5 and p?
5
Let b be 11 + (1 - -1 - 4). Suppose -5*r + b = -56. Let w = -36 + 127. What is the highest common factor of w and r?
13
Suppose 0 = -4*z + 3*x + 115, -31 = -3*z + 2*z + 3*x. Let i(k) = -3*k - 29. Let c be i(-19). Calculate the highest common factor of z and c.
28
Suppose 0 = -2*v + 30 - 2. Suppose 5*n - 80 = 5*z, -4*n - 4*z + 2*z = -52. Calculate the highest common divisor of n and v.
14
Let o(y) = -y**2 + 9*y - 1. Let j be o(5). Let i = -15 - -148. Calculate the greatest common divisor of i and j.
19
Suppose -5*i - 102 = -c, -3*c = i + 80 - 354. Calculate the greatest common factor of c and 23.
23
Suppose -2*k = 3*k. Suppose 4*g - g - 27 = k. Suppose 5*n + 0*n = v - g, -n = 3*v - 43. Calculate the highest common divisor of 14 and v.
14
Let x = -6 - -13. Let w = x - 6. Let r(s) = 24*s**3 + s - 1. Let g be r(w). What is the highest common divisor of g and 36?
12
Let l be ((-48)/(-18))/(1/12). Calculate the greatest common factor of l and 48.
16
Let u be 2/2 + -3 + 2. Let m = u - -6. Let i be (6 - 0) + 0/1. Calculate the highest common factor of m and i.
6
Let d = 2 + 0. Suppose d*g + 30 = -3*g. Let v be ((-24)/10)/(g/20). What is the highest common factor of 12 and v?
4
Let k = -28 + 43. Let a = k - 2. Suppose -33 + 7 = -p. Calculate the highest common factor of a and p.
13
Let r = -9 - -9. Let g be r + (3 - 6 - 1). Let a be 2/1 + g + 21. What is the greatest common factor of a and 38?
19
Suppose 272 = 4*s - 8*s. Let v = s - -178. Suppose 2*t + 2 - 22 = 0. What is the greatest common factor of v and t?
10
Let v(d) = d**2 + 15*d - 1. Let z be v(-16). Suppose 5 = -3*s + 8*s, 2*s = -g + 62. Calculate the highest common divisor of z and g.
15
Suppose 2*b - 92 = -0*b. Suppose 15 = -z + 6*z. Suppose 3*i - 2*t - t - 207 = 0, i = z*t + 69. Calculate the highest common factor of b and i.
23
Let t be 52/5 + 2/(-5). Let c = 101 + -61. Calculate the greatest common divisor of c and t.
10
Let c(w) = w**2 + 6*w + 7. Let q be c(-5). Suppose 4*h - i - 14 = 2*i, 3*h - q = -2*i. Let s = 19 + -11. What is the greatest common factor of h and s?
2
Suppose 0 = -k + 5*k. Let z = k - -54. What is the highest common divisor of 18 and z?
18
Let s = -16 - 31. Let u = -23 - s. Calculate the highest common divisor of u and 6.
6
Let v(u) = u**2 + 3*u + 5. Let k be v(-6). Let x = -8 + k. Suppose 3*f - w + 13 = 7*f, 0 = -3*f - 4*w + 13. Calculate the highest common divisor of f and x.
3
Let m be (-14)/49 + (-128)/(-7). Calculate the highest common factor of m and 36.
18
Let z(u) = u**3 - 7*u**2 + 4*u + 14. Let k be z(8). Let i = 13 - 2. What is the greatest common divisor of i and k?
11
Let t(v) = -v + 2. Let k be t(2). Suppose 3*i + 4*q - 45 - 1 = k, -3*i = -q - 41. Calculate the greatest common divisor of i and 21.
7
Let a = -7 - -21. Let y = -202 - -337. Let b = -23 + y. What is the greatest common divisor of a and b?
14
Suppose -3*t + 33 = z, 0 = -4*z - 10 - 2. Calculate the greatest common divisor of 54 and t.
6
Suppose -3*t - 19 = -1. Let u = -5 - t. Let k = 13 - 8. Calculate the highest common factor of k and u.
1
Let c = 122 - 84. Suppose f = 214 - c. Let r(z) = 2*z + 8. Let m be r(7). What is the highest common factor of f and m?
22
Let q = -4 - -2. Let g be q - -7 - (0 - 2). Let i be 886/18 + 4/(-18). Calculate the highest common factor of g and i.
7
Suppose -7*v = -2*v + 200. Let m be (-2)/5 + (-1086)/(-15). Let t = m + v. Calculate the greatest common divisor of 80 and t.
16
Suppose -3*i + 2*x + 90 = x, -109 = -4*i + 5*x. Suppose 5*q = 29 + i. Calculate the highest common factor of 3 and q.
3
Suppose 5*z - 3 + 12 = -d, 2*z = -3*d + 25. What is the greatest common divisor of d and 176?
11
Let j be (0/(-4) + -1)/(-1). Calculate the greatest common divisor of 7 and j.
1
Let d(a) = a**3 + 9*a**2 - 10*a - 13. Let v be d(-9). Suppose 227 = 2*f + v. What is the greatest common divisor of 15 and f?
15
Let b(m) = -1 - m**3 + 2*m + 12*m**2 - 11*m**2 + 0*m**3. Let r be b(1). Let l = r - -9. Calculate the greatest common divisor of 10 and l.
10
Let k be 2/11 - 2968/(-11). Calculate the highest common divisor of 27 and k.
27
Let a(u) = -u**2 + 28. Let q be a(0). Calculate the greatest common factor of q and 8.
4
Let d be -2 + (24/30)/((-4)/(-50)). What is the highest common factor of d and 32?
8
Let m = 168 - 8. Suppose 0*n - 4*n + m = 0. Suppose -4*j + 95 = 2*r + 3*r, 3*j = -3*r + 69. What is the highest common factor of n and j?
20
Suppose 10*x + x - 143 = 0. Suppose 0 = 4*l - 63 - 41. Calculate the highest common divisor of x and l.
13
Let o(g) = g**2 + 9*g. Let q be o(-10). Let z = 193 - 83. What is the highest common divisor of q and z?
10
Let f be 10/2*48/(-30). Let y = 0 - f. Calculate the highest common factor of 1 and y.
1
Suppose i = -0*i - 4, 0 = 5*s + 4*i + 1. Suppose s*r = r. Let u = 22 + r. What is the greatest common divisor of u and 11?
11
Let g be (-8)/(-12) + 295/3. What is the greatest common factor of g and 9?
9
Let y(m) = -60*m + 3. Let s be y(-1). Let n = -2 - -5. Suppose -2*h + 3*h + 2*l = 15, -n*h = 5*l - 41. What is the greatest common factor of s and h?
7
Let a = 254 - 179. Let j(p) = 16*p**2 + p. Let h be j(-1). Calculate the greatest common factor of a and h.
15
Let j = 502 - 249. What is the greatest common divisor of 23 and j?
23
Let s(l) = l + 2. Suppose -2*o = 3*o - y - 29, -4*o + 2*y = -22. Let d be s(o). Let v = 42 - 18. What is the greatest common divisor of v and d?
8
Let f(u) = u**2 - 9*u + 10. Let d be f(12). Let w = d - 28. Calculate the greatest common divisor of 27 and w.
9
Suppose -40 = -5*j + 80. Let g be (-1 - -4) + (1 - 0). Suppose -38 = -2*o - 4*a + 6*a, -g*o - 2*a = -58. What is the greatest common factor of o and j?
8
Suppose -3*f + 6*f - 89 = -p, -2*p + 150 = 5*f. Calculate the highest common factor of 7 and f.
7
Let k(u) = 14*u + 7. Let r be k(-3). Let x = r - -50. What is the greatest common factor of 45 and x?
15
Let b be (27/54)/((5/(-26))/(-5)). What is the greatest common divisor of b and 13?
13
Suppose 0 = -5*g + 26 + 4. What is the highest common factor of g and 12?
6
Let i(l) = -l - 3. Let b be i(-5). Let p(a) = a - 2*a - 2*a - b. Let f be p(-4). Calculate the greatest common divisor of f and 10.
10
Suppose -5*u + 44 = -3*u. Calculate the greatest common divisor of u and 2.
2
Let n(r) = -16*r - 11. Let m be n(-2). Calculate the highest common divisor of 63 and m.
21
Suppose 0 = -4*z + 5*t - 145, -3*z + 5*t + 67 = 182. Let y = -2 - 0. Let i be (y - -1)*(z - 0). What is the highest common factor of i and 15?
15
Suppose -s = -2*t + 84, 5*t - 210 = -0*s + s. Calculate the highest common divisor of t and 14.
14
Suppose -4*i + 3 = -5. Suppose -12 = -3*d - 3*c, -d = -4*d + 3*c - 12. Suppose d = i*f - 4 + 2. What is the highest com